{"id":590,"date":"2021-12-11T11:43:48","date_gmt":"2021-12-11T11:43:48","guid":{"rendered":"https:\/\/xn--sg-pristblich-ifb.de\/?page_id=590"},"modified":"2022-11-25T20:34:00","modified_gmt":"2022-11-25T19:34:00","slug":"volleyball","status":"publish","type":"page","link":"https:\/\/xn--sg-pristblich-ifb.de\/home\/volleyball\/","title":{"rendered":"Volleyball"},"content":{"rendered":"\t\t<div data-elementor-type=\"wp-page\" data-elementor-id=\"590\" class=\"elementor elementor-590\">\n\t\t\t\t\t\t<section class=\"elementor-section elementor-top-section elementor-element elementor-element-4f83395 elementor-section-boxed elementor-section-height-default elementor-section-height-default\" data-id=\"4f83395\" data-element_type=\"section\">\n\t\t\t\t\t\t<div class=\"elementor-container elementor-column-gap-default\">\n\t\t\t\t\t<div class=\"elementor-column elementor-col-100 elementor-top-column elementor-element elementor-element-b5cda97\" data-id=\"b5cda97\" data-element_type=\"column\">\n\t\t\t<div class=\"elementor-widget-wrap elementor-element-populated\">\n\t\t\t\t\t\t<div class=\"elementor-element elementor-element-eb671cf elementor-widget elementor-widget-wp-widget-ocean_custom_menu\" data-id=\"eb671cf\" data-element_type=\"widget\" data-widget_type=\"wp-widget-ocean_custom_menu.default\">\n\t\t\t\t<div class=\"elementor-widget-container\">\n\t\t\t\t\t<div class=\"oceanwp-custom-menu clr ocean_custom_menu-REPLACE_TO_ID left dropdown-hover\"><ul id=\"menu-hauptmenue\" class=\"dropdown-menu sf-menu\"><li  id=\"menu-item-19\" class=\"menu-item menu-item-type-post_type menu-item-object-page menu-item-home menu-item-19\"><a href=\"https:\/\/xn--sg-pristblich-ifb.de\/home\/\" class=\"menu-link\">Startseite<\/a><\/li>\n<li  id=\"menu-item-1515\" class=\"menu-item menu-item-type-post_type menu-item-object-page menu-item-1515\"><a href=\"https:\/\/xn--sg-pristblich-ifb.de\/home\/webcam\/\" class=\"menu-link\">Webcam<\/a><\/li>\n<li  id=\"menu-item-1180\" class=\"menu-item menu-item-type-post_type menu-item-object-page menu-item-1180\"><a href=\"https:\/\/xn--sg-pristblich-ifb.de\/home\/galerie\/\" class=\"menu-link\">Galerie<\/a><\/li>\n<li  id=\"menu-item-1243\" class=\"menu-item menu-item-type-post_type menu-item-object-page menu-item-1243\"><a href=\"https:\/\/xn--sg-pristblich-ifb.de\/home\/menue-sport\/\" class=\"menu-link\">Sport<\/a><\/li>\n<li  id=\"menu-item-644\" class=\"menu-item menu-item-type-post_type menu-item-object-page menu-item-644\"><a href=\"https:\/\/xn--sg-pristblich-ifb.de\/home\/sponsoren\/\" class=\"menu-link\">Sponsoren<\/a><\/li>\n<li  id=\"menu-item-334\" class=\"menu-item menu-item-type-custom menu-item-object-custom menu-item-334\"><a href=\"https:\/\/sg-prist\u00e4blich.de\/wp-login.php\" class=\"menu-link\">Mitgliederbereich<\/a><\/li>\n<\/ul><\/div>\t\t\t\t<\/div>\n\t\t\t\t<\/div>\n\t\t\t\t\t<\/div>\n\t\t<\/div>\n\t\t\t\t\t<\/div>\n\t\t<\/section>\n\t\t\t\t<section class=\"elementor-section elementor-top-section elementor-element elementor-element-d6b78a9 elementor-section-height-min-height elementor-section-boxed elementor-section-height-default elementor-section-items-middle\" data-id=\"d6b78a9\" data-element_type=\"section\" data-settings=\"{&quot;background_background&quot;:&quot;classic&quot;,&quot;shape_divider_bottom&quot;:&quot;split&quot;,&quot;shape_divider_bottom_negative&quot;:&quot;yes&quot;}\">\n\t\t\t\t\t\t\t<div class=\"elementor-background-overlay\"><\/div>\n\t\t\t\t\t\t<div class=\"elementor-shape elementor-shape-bottom\" data-negative=\"true\">\n\t\t\t<svg xmlns=\"http:\/\/www.w3.org\/2000\/svg\" viewBox=\"0 0 1000 20\" preserveAspectRatio=\"none\">\n\t<path class=\"elementor-shape-fill\" d=\"M519.8,0.2c-11,0-19.8,8.5-19.8,19c0-10.4-8.8-19-19.8-19L0,0v20h1000V0.2H519.8z\"\/>\n<\/svg>\t\t<\/div>\n\t\t\t\t\t<div class=\"elementor-container elementor-column-gap-wider\">\n\t\t\t\t\t<div class=\"elementor-column elementor-col-100 elementor-top-column elementor-element elementor-element-7d2ae5fe\" data-id=\"7d2ae5fe\" data-element_type=\"column\">\n\t\t\t<div class=\"elementor-widget-wrap elementor-element-populated\">\n\t\t\t\t\t\t<div class=\"elementor-element elementor-element-128d5d0 elementor-widget elementor-widget-heading\" data-id=\"128d5d0\" data-element_type=\"widget\" data-widget_type=\"heading.default\">\n\t\t\t\t<div class=\"elementor-widget-container\">\n\t\t\t\t\t<h2 class=\"elementor-heading-title elementor-size-default\">Volleyball<\/h2>\t\t\t\t<\/div>\n\t\t\t\t<\/div>\n\t\t\t\t\t<\/div>\n\t\t<\/div>\n\t\t\t\t\t<\/div>\n\t\t<\/section>\n\t\t\t\t<section class=\"elementor-section elementor-top-section elementor-element elementor-element-a1905fb elementor-section-boxed elementor-section-height-default elementor-section-height-default\" data-id=\"a1905fb\" data-element_type=\"section\">\n\t\t\t\t\t\t<div class=\"elementor-container elementor-column-gap-default\">\n\t\t\t\t\t<div class=\"elementor-column elementor-col-50 elementor-top-column elementor-element elementor-element-934f4f6\" data-id=\"934f4f6\" data-element_type=\"column\">\n\t\t\t<div class=\"elementor-widget-wrap elementor-element-populated\">\n\t\t\t\t\t\t<section class=\"elementor-section elementor-inner-section elementor-element elementor-element-174cde0 elementor-section-boxed elementor-section-height-default elementor-section-height-default\" data-id=\"174cde0\" data-element_type=\"section\">\n\t\t\t\t\t\t<div class=\"elementor-container elementor-column-gap-default\">\n\t\t\t\t\t<div class=\"elementor-column elementor-col-50 elementor-inner-column elementor-element elementor-element-6c67688\" data-id=\"6c67688\" data-element_type=\"column\">\n\t\t\t<div class=\"elementor-widget-wrap elementor-element-populated\">\n\t\t\t\t\t\t<div class=\"elementor-element elementor-element-ccce2a4 elementor-widget elementor-widget-heading\" data-id=\"ccce2a4\" data-element_type=\"widget\" data-widget_type=\"heading.default\">\n\t\t\t\t<div class=\"elementor-widget-container\">\n\t\t\t\t\t<h2 class=\"elementor-heading-title elementor-size-default\">Unsere M\u00e4nnermannschaft<\/h2>\t\t\t\t<\/div>\n\t\t\t\t<\/div>\n\t\t\t\t<div class=\"elementor-element elementor-element-67f8f4e elementor-widget elementor-widget-text-editor\" data-id=\"67f8f4e\" data-element_type=\"widget\" data-widget_type=\"text-editor.default\">\n\t\t\t\t<div class=\"elementor-widget-container\">\n\t\t\t\t\t\t\t\t\t<p>spielt auch in dieser Saison in der ersten Kreisklasse Nordsachsen. Zur Mannschaft geh\u00f6ren zur Zeit zehn\u00a0aktive Volleyballer.\u00a0<strong>Trainiert wird freitags von 18:00 bis 20:00 Uhr in der Turnhalle der Oberschule Bad D\u00fcben.<\/strong>\u00a0<\/p><p>Zur Mannschaft geh\u00f6ren Marko Burkhardt, Franz Burkhardt, Mario Dittrich, Daniel D\u00f6ring, Mike Gr\u00f6per, Ingo Hildebrand, Andre Kahlert, Stephan M\u00fcnz,\u00a0 Mario Piatyschek, Kevin Salewski und Sven Vieweg.<\/p>\t\t\t\t\t\t\t\t<\/div>\n\t\t\t\t<\/div>\n\t\t\t\t<div class=\"elementor-element elementor-element-ad2ab29 elementor-align-center elementor-hidden-desktop elementor-widget elementor-widget-button\" data-id=\"ad2ab29\" data-element_type=\"widget\" data-widget_type=\"button.default\">\n\t\t\t\t<div class=\"elementor-widget-container\">\n\t\t\t\t\t\t\t\t\t<div class=\"elementor-button-wrapper\">\n\t\t\t\t\t<a class=\"elementor-button elementor-button-link elementor-size-sm\" href=\"https:\/\/www.ssvb.org\/cms\/home\/spielbetrieb\/bez_leipzig\/kreise_leipzig\/kreis_l_ns_m.xhtml\">\n\t\t\t\t\t\t<span class=\"elementor-button-content-wrapper\">\n\t\t\t\t\t\t\t\t\t<span class=\"elementor-button-text\">Aktueller Spielplan<\/span>\n\t\t\t\t\t<\/span>\n\t\t\t\t\t<\/a>\n\t\t\t\t<\/div>\n\t\t\t\t\t\t\t\t<\/div>\n\t\t\t\t<\/div>\n\t\t\t\t<div class=\"elementor-element elementor-element-78e00a6 elementor-align-center elementor-widget elementor-widget-button\" data-id=\"78e00a6\" data-element_type=\"widget\" data-widget_type=\"button.default\">\n\t\t\t\t<div class=\"elementor-widget-container\">\n\t\t\t\t\t\t\t\t\t<div class=\"elementor-button-wrapper\">\n\t\t\t\t\t<a class=\"elementor-button elementor-button-link elementor-size-sm\" href=\"https:\/\/sg-prist\u00e4blich.de\/spielberichte\">\n\t\t\t\t\t\t<span class=\"elementor-button-content-wrapper\">\n\t\t\t\t\t\t\t\t\t<span class=\"elementor-button-text\">Spielberichte<\/span>\n\t\t\t\t\t<\/span>\n\t\t\t\t\t<\/a>\n\t\t\t\t<\/div>\n\t\t\t\t\t\t\t\t<\/div>\n\t\t\t\t<\/div>\n\t\t\t\t<div class=\"elementor-element elementor-element-869c2f6 elementor-widget-divider--view-line elementor-widget elementor-widget-divider\" data-id=\"869c2f6\" data-element_type=\"widget\" data-widget_type=\"divider.default\">\n\t\t\t\t<div class=\"elementor-widget-container\">\n\t\t\t\t\t\t\t<div class=\"elementor-divider\">\n\t\t\t<span class=\"elementor-divider-separator\">\n\t\t\t\t\t\t<\/span>\n\t\t<\/div>\n\t\t\t\t\t\t<\/div>\n\t\t\t\t<\/div>\n\t\t\t\t<div class=\"elementor-element elementor-element-29a9dd8 elementor-widget elementor-widget-heading\" data-id=\"29a9dd8\" data-element_type=\"widget\" data-widget_type=\"heading.default\">\n\t\t\t\t<div class=\"elementor-widget-container\">\n\t\t\t\t\t<h2 class=\"elementor-heading-title elementor-size-default\">Hobby<\/h2>\t\t\t\t<\/div>\n\t\t\t\t<\/div>\n\t\t\t\t<div class=\"elementor-element elementor-element-3114d48 elementor-widget elementor-widget-text-editor\" data-id=\"3114d48\" data-element_type=\"widget\" data-widget_type=\"text-editor.default\">\n\t\t\t\t<div class=\"elementor-widget-container\">\n\t\t\t\t\t\t\t\t\t<p>Jeden Sonntag trifft sich unser Verein zum gemeinsamen Spielen au\u00dferhalb der regul\u00e4ren Trainings- und Spielbetriebe. Gespielt wird in Mix-Teams ab 17.30 Uhr in der Sporthalle Lau\u00dfig.&nbsp;<\/p>\t\t\t\t\t\t\t\t<\/div>\n\t\t\t\t<\/div>\n\t\t\t\t<div class=\"elementor-element elementor-element-1f8f967 elementor-widget elementor-widget-image-gallery\" data-id=\"1f8f967\" data-element_type=\"widget\" data-widget_type=\"image-gallery.default\">\n\t\t\t\t<div class=\"elementor-widget-container\">\n\t\t\t\t\t\t\t<div class=\"elementor-image-gallery\">\n\t\t\t<div id='gallery-1' class='gallery galleryid-590 gallery-columns-2 gallery-size-medium'><figure class='gallery-item'>\n\t\t\t<div class='gallery-icon landscape'>\n\t\t\t\t<a data-elementor-open-lightbox=\"yes\" data-elementor-lightbox-slideshow=\"1f8f967\" data-elementor-lightbox-title=\"WhatsApp Image 2021-10-25 at 17.56.11\" data-e-action-hash=\"#elementor-action%3Aaction%3Dlightbox%26settings%3DeyJpZCI6NjA3LCJ1cmwiOiJodHRwczpcL1wveG4tLXNnLXByaXN0YmxpY2gtaWZiLmRlXC93cC1jb250ZW50XC91cGxvYWRzXC8yMDIxXC8xMlwvV2hhdHNBcHAtSW1hZ2UtMjAyMS0xMC0yNS1hdC0xNy41Ni4xMS5qcGVnIiwic2xpZGVzaG93IjoiMWY4Zjk2NyJ9\" href='https:\/\/xn--sg-pristblich-ifb.de\/wp-content\/uploads\/2021\/12\/WhatsApp-Image-2021-10-25-at-17.56.11.jpeg'><img fetchpriority=\"high\" decoding=\"async\" width=\"300\" height=\"225\" src=\"https:\/\/xn--sg-pristblich-ifb.de\/wp-content\/uploads\/2021\/12\/WhatsApp-Image-2021-10-25-at-17.56.11-300x225.jpeg\" class=\"attachment-medium size-medium\" alt=\"\" aria-describedby=\"gallery-1-607\" srcset=\"https:\/\/xn--sg-pristblich-ifb.de\/wp-content\/uploads\/2021\/12\/WhatsApp-Image-2021-10-25-at-17.56.11-300x225.jpeg 300w, https:\/\/xn--sg-pristblich-ifb.de\/wp-content\/uploads\/2021\/12\/WhatsApp-Image-2021-10-25-at-17.56.11-768x576.jpeg 768w, https:\/\/xn--sg-pristblich-ifb.de\/wp-content\/uploads\/2021\/12\/WhatsApp-Image-2021-10-25-at-17.56.11.jpeg 1024w\" sizes=\"(max-width: 300px) 100vw, 300px\" \/><\/a>\n\t\t\t<\/div>\n\t\t\t\t<figcaption class='wp-caption-text gallery-caption' id='gallery-1-607'>\n\t\t\t\tTraining am 24.10.21\n\t\t\t\t<\/figcaption><\/figure><figure class='gallery-item'>\n\t\t\t<div class='gallery-icon landscape'>\n\t\t\t\t<a data-elementor-open-lightbox=\"yes\" data-elementor-lightbox-slideshow=\"1f8f967\" data-elementor-lightbox-title=\"WhatsApp Image 2021-10-25 at 17.56.11 (1)\" data-e-action-hash=\"#elementor-action%3Aaction%3Dlightbox%26settings%3DeyJpZCI6NjA2LCJ1cmwiOiJodHRwczpcL1wveG4tLXNnLXByaXN0YmxpY2gtaWZiLmRlXC93cC1jb250ZW50XC91cGxvYWRzXC8yMDIxXC8xMlwvV2hhdHNBcHAtSW1hZ2UtMjAyMS0xMC0yNS1hdC0xNy41Ni4xMS0xLmpwZWciLCJzbGlkZXNob3ciOiIxZjhmOTY3In0%3D\" href='https:\/\/xn--sg-pristblich-ifb.de\/wp-content\/uploads\/2021\/12\/WhatsApp-Image-2021-10-25-at-17.56.11-1.jpeg'><img decoding=\"async\" width=\"300\" height=\"225\" src=\"https:\/\/xn--sg-pristblich-ifb.de\/wp-content\/uploads\/2021\/12\/WhatsApp-Image-2021-10-25-at-17.56.11-1-300x225.jpeg\" class=\"attachment-medium size-medium\" alt=\"\" aria-describedby=\"gallery-1-606\" srcset=\"https:\/\/xn--sg-pristblich-ifb.de\/wp-content\/uploads\/2021\/12\/WhatsApp-Image-2021-10-25-at-17.56.11-1-300x225.jpeg 300w, https:\/\/xn--sg-pristblich-ifb.de\/wp-content\/uploads\/2021\/12\/WhatsApp-Image-2021-10-25-at-17.56.11-1-768x576.jpeg 768w, https:\/\/xn--sg-pristblich-ifb.de\/wp-content\/uploads\/2021\/12\/WhatsApp-Image-2021-10-25-at-17.56.11-1.jpeg 1024w\" sizes=\"(max-width: 300px) 100vw, 300px\" \/><\/a>\n\t\t\t<\/div>\n\t\t\t\t<figcaption class='wp-caption-text gallery-caption' id='gallery-1-606'>\n\t\t\t\tTraining am 24.10.21\n\t\t\t\t<\/figcaption><\/figure>\n\t\t<\/div>\n\t\t<\/div>\n\t\t\t\t\t\t<\/div>\n\t\t\t\t<\/div>\n\t\t\t\t\t<\/div>\n\t\t<\/div>\n\t\t\t\t<div class=\"elementor-column elementor-col-50 elementor-inner-column elementor-element elementor-element-2105c2b\" data-id=\"2105c2b\" data-element_type=\"column\">\n\t\t\t<div class=\"elementor-widget-wrap elementor-element-populated\">\n\t\t\t\t\t\t<div class=\"elementor-element elementor-element-d693e14 elementor-hidden-mobile elementor-hidden-tablet elementor-widget elementor-widget-html\" data-id=\"d693e14\" data-element_type=\"widget\" data-widget_type=\"html.default\">\n\t\t\t\t<div class=\"elementor-widget-container\">\n\t\t\t\t\t<iframe src=\"https:\/\/www.ssvb.org\/cms\/home\/spielbetrieb\/bez_leipzig\/kreise_leipzig\/kreis_l_ns_m.xhtml\" style=\"border:0px #ffffff none;\" name=\"myiFrame\" scrolling=\"yes\" frameborder=\"1\" marginheight=\"0px\" marginwidth=\"0px\" height=\"750px\" width=\"600px\" allowfullscreen><\/iframe>\t\t\t\t<\/div>\n\t\t\t\t<\/div>\n\t\t\t\t\t<\/div>\n\t\t<\/div>\n\t\t\t\t\t<\/div>\n\t\t<\/section>\n\t\t\t\t\t<\/div>\n\t\t<\/div>\n\t\t\t\t<div class=\"elementor-column elementor-col-50 elementor-top-column elementor-element elementor-element-79907e9\" data-id=\"79907e9\" data-element_type=\"column\">\n\t\t\t<div class=\"elementor-widget-wrap elementor-element-populated\">\n\t\t\t\t\t\t\t<\/div>\n\t\t<\/div>\n\t\t\t\t\t<\/div>\n\t\t<\/section>\n\t\t\t\t<section class=\"elementor-section elementor-top-section elementor-element elementor-element-b168f54 elementor-section-boxed elementor-section-height-default elementor-section-height-default\" data-id=\"b168f54\" data-element_type=\"section\">\n\t\t\t\t\t\t<div class=\"elementor-container elementor-column-gap-default\">\n\t\t\t\t\t<div class=\"elementor-column elementor-col-100 elementor-top-column elementor-element elementor-element-9a1a0db\" data-id=\"9a1a0db\" data-element_type=\"column\">\n\t\t\t<div class=\"elementor-widget-wrap\">\n\t\t\t\t\t\t\t<\/div>\n\t\t<\/div>\n\t\t\t\t\t<\/div>\n\t\t<\/section>\n\t\t\t\t<\/div>\n\t\t","protected":false},"excerpt":{"rendered":"<p>Volleyball Unsere M\u00e4nnermannschaft spielt auch in dieser Saison in der ersten Kreisklasse Nordsachsen. Zur Mannschaft geh\u00f6ren zur Zeit zehn\u00a0aktive Volleyballer.\u00a0Trainiert wird freitags von 18:00 bis 20:00 Uhr in der Turnhalle der Oberschule Bad D\u00fcben.\u00a0 Zur Mannschaft geh\u00f6ren Marko Burkhardt, Franz Burkhardt, Mario Dittrich, Daniel D\u00f6ring, Mike Gr\u00f6per, Ingo Hildebrand, Andre Kahlert, Stephan M\u00fcnz,\u00a0 Mario Piatyschek, [&hellip;]<\/p>\n","protected":false},"author":1,"featured_media":0,"parent":0,"menu_order":0,"comment_status":"closed","ping_status":"closed","template":"","meta":{"ocean_post_layout":"full-screen","ocean_both_sidebars_style":"","ocean_both_sidebars_content_width":0,"ocean_both_sidebars_sidebars_width":0,"ocean_sidebar":"0","ocean_second_sidebar":"0","ocean_disable_margins":"enable","ocean_add_body_class":"","ocean_shortcode_before_top_bar":"","ocean_shortcode_after_top_bar":"","ocean_shortcode_before_header":"","ocean_shortcode_after_header":"","ocean_has_shortcode":"","ocean_shortcode_after_title":"","ocean_shortcode_before_footer_widgets":"","ocean_shortcode_after_footer_widgets":"","ocean_shortcode_before_footer_bottom":"","ocean_shortcode_after_footer_bottom":"","ocean_display_top_bar":"off","ocean_display_header":"off","ocean_header_style":"top","ocean_center_header_left_menu":"0","ocean_custom_header_template":"0","ocean_custom_logo":0,"ocean_custom_retina_logo":0,"ocean_custom_logo_max_width":0,"ocean_custom_logo_tablet_max_width":0,"ocean_custom_logo_mobile_max_width":0,"ocean_custom_logo_max_height":0,"ocean_custom_logo_tablet_max_height":0,"ocean_custom_logo_mobile_max_height":0,"ocean_header_custom_menu":"2","ocean_menu_typo_font_family":"Pontano Sans","ocean_menu_typo_font_subset":"","ocean_menu_typo_font_size":0,"ocean_menu_typo_font_size_tablet":0,"ocean_menu_typo_font_size_mobile":0,"ocean_menu_typo_font_size_unit":"px","ocean_menu_typo_font_weight":"","ocean_menu_typo_font_weight_tablet":"","ocean_menu_typo_font_weight_mobile":"","ocean_menu_typo_transform":"","ocean_menu_typo_transform_tablet":"","ocean_menu_typo_transform_mobile":"","ocean_menu_typo_line_height":0,"ocean_menu_typo_line_height_tablet":0,"ocean_menu_typo_line_height_mobile":0,"ocean_menu_typo_line_height_unit":"","ocean_menu_typo_spacing":0,"ocean_menu_typo_spacing_tablet":0,"ocean_menu_typo_spacing_mobile":0,"ocean_menu_typo_spacing_unit":"","ocean_menu_link_color":"#ff9800","ocean_menu_link_color_hover":"#ff9800","ocean_menu_link_color_active":"#000000","ocean_menu_link_background":"","ocean_menu_link_hover_background":"","ocean_menu_link_active_background":"rgba(0,0,0,0)","ocean_menu_social_links_bg":"","ocean_menu_social_hover_links_bg":"","ocean_menu_social_links_color":"#ffffff","ocean_menu_social_hover_links_color":"#ffffff","ocean_disable_title":"on","ocean_disable_heading":"default","ocean_post_title":".","ocean_post_subheading":"","ocean_post_title_style":"","ocean_post_title_background_color":"","ocean_post_title_background":0,"ocean_post_title_bg_image_position":"","ocean_post_title_bg_image_attachment":"","ocean_post_title_bg_image_repeat":"","ocean_post_title_bg_image_size":"","ocean_post_title_height":0,"ocean_post_title_bg_overlay":0.5,"ocean_post_title_bg_overlay_color":"","ocean_disable_breadcrumbs":"default","ocean_breadcrumbs_color":"#ffffff","ocean_breadcrumbs_separator_color":"","ocean_breadcrumbs_links_color":"","ocean_breadcrumbs_links_hover_color":"","ocean_display_footer_widgets":"off","ocean_display_footer_bottom":"default","ocean_custom_footer_template":"0","footnotes":""},"_links":{"self":[{"href":"https:\/\/xn--sg-pristblich-ifb.de\/home\/wp-json\/wp\/v2\/pages\/590"}],"collection":[{"href":"https:\/\/xn--sg-pristblich-ifb.de\/home\/wp-json\/wp\/v2\/pages"}],"about":[{"href":"https:\/\/xn--sg-pristblich-ifb.de\/home\/wp-json\/wp\/v2\/types\/page"}],"author":[{"embeddable":true,"href":"https:\/\/xn--sg-pristblich-ifb.de\/home\/wp-json\/wp\/v2\/users\/1"}],"replies":[{"embeddable":true,"href":"https:\/\/xn--sg-pristblich-ifb.de\/home\/wp-json\/wp\/v2\/comments?post=590"}],"version-history":[{"count":61,"href":"https:\/\/xn--sg-pristblich-ifb.de\/home\/wp-json\/wp\/v2\/pages\/590\/revisions"}],"predecessor-version":[{"id":2148,"href":"https:\/\/xn--sg-pristblich-ifb.de\/home\/wp-json\/wp\/v2\/pages\/590\/revisions\/2148"}],"wp:attachment":[{"href":"https:\/\/xn--sg-pristblich-ifb.de\/home\/wp-json\/wp\/v2\/media?parent=590"}],"curies":[{"name":"wp","href":"https:\/\/api.w.org\/{rel}","templated":true}]}}