{"id":1198,"date":"2022-01-10T09:33:47","date_gmt":"2022-01-10T09:33:47","guid":{"rendered":"https:\/\/xn--sg-pristblich-ifb.de\/?page_id=1198"},"modified":"2022-01-10T11:56:37","modified_gmt":"2022-01-10T11:56:37","slug":"laufsport","status":"publish","type":"page","link":"https:\/\/xn--sg-pristblich-ifb.de\/home\/laufsport\/","title":{"rendered":"Laufsport"},"content":{"rendered":"\t\t<div data-elementor-type=\"wp-page\" data-elementor-id=\"1198\" class=\"elementor elementor-1198\">\n\t\t\t\t\t\t<section class=\"elementor-section elementor-top-section elementor-element elementor-element-4f83395 elementor-section-boxed elementor-section-height-default elementor-section-height-default\" data-id=\"4f83395\" data-element_type=\"section\">\n\t\t\t\t\t\t<div class=\"elementor-container elementor-column-gap-default\">\n\t\t\t\t\t<div class=\"elementor-column elementor-col-100 elementor-top-column elementor-element elementor-element-b5cda97\" data-id=\"b5cda97\" data-element_type=\"column\">\n\t\t\t<div class=\"elementor-widget-wrap elementor-element-populated\">\n\t\t\t\t\t\t<div class=\"elementor-element elementor-element-eb671cf elementor-widget elementor-widget-wp-widget-ocean_custom_menu\" data-id=\"eb671cf\" data-element_type=\"widget\" data-widget_type=\"wp-widget-ocean_custom_menu.default\">\n\t\t\t\t<div class=\"elementor-widget-container\">\n\t\t\t\t\t<div class=\"oceanwp-custom-menu clr ocean_custom_menu-REPLACE_TO_ID left dropdown-hover\"><ul id=\"menu-hauptmenue\" class=\"dropdown-menu sf-menu\"><li  id=\"menu-item-19\" class=\"menu-item menu-item-type-post_type menu-item-object-page menu-item-home menu-item-19\"><a href=\"https:\/\/xn--sg-pristblich-ifb.de\/home\/\" class=\"menu-link\">Startseite<\/a><\/li>\n<li  id=\"menu-item-1515\" class=\"menu-item menu-item-type-post_type menu-item-object-page menu-item-1515\"><a href=\"https:\/\/xn--sg-pristblich-ifb.de\/home\/webcam\/\" class=\"menu-link\">Webcam<\/a><\/li>\n<li  id=\"menu-item-1180\" class=\"menu-item menu-item-type-post_type menu-item-object-page menu-item-1180\"><a href=\"https:\/\/xn--sg-pristblich-ifb.de\/home\/galerie\/\" class=\"menu-link\">Galerie<\/a><\/li>\n<li  id=\"menu-item-1243\" class=\"menu-item menu-item-type-post_type menu-item-object-page menu-item-1243\"><a href=\"https:\/\/xn--sg-pristblich-ifb.de\/home\/menue-sport\/\" class=\"menu-link\">Sport<\/a><\/li>\n<li  id=\"menu-item-644\" class=\"menu-item menu-item-type-post_type menu-item-object-page menu-item-644\"><a href=\"https:\/\/xn--sg-pristblich-ifb.de\/home\/sponsoren\/\" class=\"menu-link\">Sponsoren<\/a><\/li>\n<li  id=\"menu-item-334\" class=\"menu-item menu-item-type-custom menu-item-object-custom menu-item-334\"><a href=\"https:\/\/sg-prist\u00e4blich.de\/wp-login.php\" class=\"menu-link\">Mitgliederbereich<\/a><\/li>\n<\/ul><\/div>\t\t\t\t<\/div>\n\t\t\t\t<\/div>\n\t\t\t\t\t<\/div>\n\t\t<\/div>\n\t\t\t\t\t<\/div>\n\t\t<\/section>\n\t\t\t\t<section class=\"elementor-section elementor-top-section elementor-element elementor-element-d6b78a9 elementor-section-height-min-height elementor-section-boxed elementor-section-height-default elementor-section-items-middle\" data-id=\"d6b78a9\" data-element_type=\"section\" data-settings=\"{&quot;background_background&quot;:&quot;classic&quot;,&quot;shape_divider_bottom&quot;:&quot;split&quot;,&quot;shape_divider_bottom_negative&quot;:&quot;yes&quot;}\">\n\t\t\t\t\t\t\t<div class=\"elementor-background-overlay\"><\/div>\n\t\t\t\t\t\t<div class=\"elementor-shape elementor-shape-bottom\" data-negative=\"true\">\n\t\t\t<svg xmlns=\"http:\/\/www.w3.org\/2000\/svg\" viewBox=\"0 0 1000 20\" preserveAspectRatio=\"none\">\n\t<path class=\"elementor-shape-fill\" d=\"M519.8,0.2c-11,0-19.8,8.5-19.8,19c0-10.4-8.8-19-19.8-19L0,0v20h1000V0.2H519.8z\"\/>\n<\/svg>\t\t<\/div>\n\t\t\t\t\t<div class=\"elementor-container elementor-column-gap-wider\">\n\t\t\t\t\t<div class=\"elementor-column elementor-col-100 elementor-top-column elementor-element elementor-element-7d2ae5fe\" data-id=\"7d2ae5fe\" data-element_type=\"column\">\n\t\t\t<div class=\"elementor-widget-wrap elementor-element-populated\">\n\t\t\t\t\t\t<div class=\"elementor-element elementor-element-128d5d0 elementor-widget elementor-widget-heading\" data-id=\"128d5d0\" data-element_type=\"widget\" data-widget_type=\"heading.default\">\n\t\t\t\t<div class=\"elementor-widget-container\">\n\t\t\t\t\t<h2 class=\"elementor-heading-title elementor-size-default\">Laufsport<\/h2>\t\t\t\t<\/div>\n\t\t\t\t<\/div>\n\t\t\t\t\t<\/div>\n\t\t<\/div>\n\t\t\t\t\t<\/div>\n\t\t<\/section>\n\t\t\t\t<section class=\"elementor-section elementor-top-section elementor-element elementor-element-893f6db elementor-section-boxed elementor-section-height-default elementor-section-height-default\" data-id=\"893f6db\" data-element_type=\"section\">\n\t\t\t\t\t\t<div class=\"elementor-container elementor-column-gap-default\">\n\t\t\t\t\t<div class=\"elementor-column elementor-col-50 elementor-top-column elementor-element elementor-element-7afb18f\" data-id=\"7afb18f\" data-element_type=\"column\">\n\t\t\t<div class=\"elementor-widget-wrap elementor-element-populated\">\n\t\t\t\t\t\t<div class=\"elementor-element elementor-element-71c4713 elementor-widget elementor-widget-heading\" data-id=\"71c4713\" data-element_type=\"widget\" data-widget_type=\"heading.default\">\n\t\t\t\t<div class=\"elementor-widget-container\">\n\t\t\t\t\t<h2 class=\"elementor-heading-title elementor-size-large\">Simone Kanitz<\/h2>\t\t\t\t<\/div>\n\t\t\t\t<\/div>\n\t\t\t\t<div class=\"elementor-element elementor-element-8df3859 elementor-arrows-position-inside elementor-pagination-position-outside elementor-widget elementor-widget-image-carousel\" data-id=\"8df3859\" data-element_type=\"widget\" data-settings=\"{&quot;slides_to_show&quot;:&quot;1&quot;,&quot;navigation&quot;:&quot;both&quot;,&quot;autoplay&quot;:&quot;yes&quot;,&quot;pause_on_hover&quot;:&quot;yes&quot;,&quot;pause_on_interaction&quot;:&quot;yes&quot;,&quot;autoplay_speed&quot;:5000,&quot;infinite&quot;:&quot;yes&quot;,&quot;effect&quot;:&quot;slide&quot;,&quot;speed&quot;:500}\" data-widget_type=\"image-carousel.default\">\n\t\t\t\t<div class=\"elementor-widget-container\">\n\t\t\t\t\t\t\t<div class=\"elementor-image-carousel-wrapper swiper\" role=\"region\" aria-roledescription=\"carousel\" aria-label=\"Bild Karussell\" dir=\"ltr\">\n\t\t\t<div class=\"elementor-image-carousel swiper-wrapper\" aria-live=\"off\">\n\t\t\t\t\t\t\t\t<div class=\"swiper-slide\" role=\"group\" aria-roledescription=\"slide\" aria-label=\"1 von 2\"><a data-elementor-open-lightbox=\"yes\" data-elementor-lightbox-slideshow=\"8df3859\" data-elementor-lightbox-title=\"PHOTO-2021-06-27-19-57-50\" data-e-action-hash=\"#elementor-action%3Aaction%3Dlightbox%26settings%3DeyJpZCI6MTE5MSwidXJsIjoiaHR0cHM6XC9cL3huLS1zZy1wcmlzdGJsaWNoLWlmYi5kZVwvd3AtY29udGVudFwvdXBsb2Fkc1wvUEhPVE8tMjAyMS0wNi0yNy0xOS01Ny01MC5qcGciLCJzbGlkZXNob3ciOiI4ZGYzODU5In0%3D\" href=\"https:\/\/xn--sg-pristblich-ifb.de\/wp-content\/uploads\/PHOTO-2021-06-27-19-57-50.jpg\"><figure class=\"swiper-slide-inner\"><img decoding=\"async\" class=\"swiper-slide-image\" src=\"https:\/\/xn--sg-pristblich-ifb.de\/wp-content\/uploads\/PHOTO-2021-06-27-19-57-50-225x300.jpg\" alt=\"PHOTO-2021-06-27-19-57-50\" \/><\/figure><\/a><\/div><div class=\"swiper-slide\" role=\"group\" aria-roledescription=\"slide\" aria-label=\"2 von 2\"><a data-elementor-open-lightbox=\"yes\" data-elementor-lightbox-slideshow=\"8df3859\" data-elementor-lightbox-title=\"LS1\" data-e-action-hash=\"#elementor-action%3Aaction%3Dlightbox%26settings%3DeyJpZCI6MTE4OCwidXJsIjoiaHR0cHM6XC9cL3huLS1zZy1wcmlzdGJsaWNoLWlmYi5kZVwvd3AtY29udGVudFwvdXBsb2Fkc1wvTFMxLmpwZyIsInNsaWRlc2hvdyI6IjhkZjM4NTkifQ%3D%3D\" href=\"https:\/\/xn--sg-pristblich-ifb.de\/wp-content\/uploads\/LS1.jpg\"><figure class=\"swiper-slide-inner\"><img decoding=\"async\" class=\"swiper-slide-image\" src=\"https:\/\/xn--sg-pristblich-ifb.de\/wp-content\/uploads\/LS1-225x300.jpg\" alt=\"LS1\" \/><\/figure><\/a><\/div>\t\t\t<\/div>\n\t\t\t\t\t\t\t\t\t\t\t\t<div class=\"elementor-swiper-button elementor-swiper-button-prev\" role=\"button\" tabindex=\"0\">\n\t\t\t\t\t\t<i aria-hidden=\"true\" class=\"eicon-chevron-left\"><\/i>\t\t\t\t\t<\/div>\n\t\t\t\t\t<div class=\"elementor-swiper-button elementor-swiper-button-next\" role=\"button\" tabindex=\"0\">\n\t\t\t\t\t\t<i aria-hidden=\"true\" class=\"eicon-chevron-right\"><\/i>\t\t\t\t\t<\/div>\n\t\t\t\t\n\t\t\t\t\t\t\t\t\t<div class=\"swiper-pagination\"><\/div>\n\t\t\t\t\t\t\t\t\t<\/div>\n\t\t\t\t\t\t<\/div>\n\t\t\t\t<\/div>\n\t\t\t\t<div class=\"elementor-element elementor-element-c2895a2 elementor-widget elementor-widget-heading\" data-id=\"c2895a2\" data-element_type=\"widget\" data-widget_type=\"heading.default\">\n\t\t\t\t<div class=\"elementor-widget-container\">\n\t\t\t\t\t<h2 class=\"elementor-heading-title elementor-size-default\">Werdegang<\/h2>\t\t\t\t<\/div>\n\t\t\t\t<\/div>\n\t\t\t\t<div class=\"elementor-element elementor-element-e66954b elementor-widget elementor-widget-text-editor\" data-id=\"e66954b\" data-element_type=\"widget\" data-widget_type=\"text-editor.default\">\n\t\t\t\t<div class=\"elementor-widget-container\">\n\t\t\t\t\t\t\t\t\t<p style=\"font-weight: 400;\">Ich habe 2004 ganz klein angefangen mit 10 \u2013 20 Minuten\u00a0 3- 4 Mal pro Woche\u00a0 und 2004 meinen 1 .Silvesterlauf mit 5 km\u00a0 absolviert mit 3 Platz , was mich antrieb weiter zu laufen \u2013mit regelm\u00e4\u00dfigen Stundenl\u00e4ufen in Bad D\u00fcben 4 mal \/ Jahr\u00a0 und verschiedenen 10 km L\u00e4ufen . 2006 nahm ich das 1. Mal am 2 Tage-Marathon Eilenburg \u2013Pressel \u00a0teil und auch 3.Platz was mich weiterhin anspornte Weiterzulaufen. Bis heute, wo Leipzig-Halbmarathon, Hamburg \u2013Halbmarathon, ZweitagemarathonPressel-Eilenburg \u00a0und Leipzig \u2013Herbsthalbmarathon ( V\u00f6lkerschlacht ) sowie Hamburg \u2013K\u00f6hlbrandbr\u00fcckenlauf die gr\u00f6\u00dften L\u00e4ufe im Jahr f\u00fcr mich sind.<\/p>\t\t\t\t\t\t\t\t<\/div>\n\t\t\t\t<\/div>\n\t\t\t\t<div class=\"elementor-element elementor-element-dbef72b elementor-widget elementor-widget-heading\" data-id=\"dbef72b\" data-element_type=\"widget\" data-widget_type=\"heading.default\">\n\t\t\t\t<div class=\"elementor-widget-container\">\n\t\t\t\t\t<h2 class=\"elementor-heading-title elementor-size-default\">Profil<\/h2>\t\t\t\t<\/div>\n\t\t\t\t<\/div>\n\t\t\t\t<div class=\"elementor-element elementor-element-c45109f elementor-widget elementor-widget-text-editor\" data-id=\"c45109f\" data-element_type=\"widget\" data-widget_type=\"text-editor.default\">\n\t\t\t\t<div class=\"elementor-widget-container\">\n\t\t\t\t\t\t\t\t\t<ul><li style=\"font-weight: 400;\">seit 2004 Training mit 10 \u2013 20 Minuten\u00a0 3- 4 Mal pro Woche<\/li><li style=\"font-weight: 400;\">2004 erster Silvesterlauf \u00fcber 5 km\u00a0 absolviert ( 3. Platz )<\/li><li style=\"font-weight: 400;\">regelm\u00e4\u00dfige Stundenl\u00e4ufe in Bad D\u00fcben 4 mal pro Jahr\u00a0 und verschiedene 10 km L\u00e4ufe<\/li><li style=\"font-weight: 400;\">2006 erstmalige Teilnahme am 2 Tage-Marathon Eilenburg \u2013Pressel (3.Platz)<\/li><li style=\"font-weight: 400;\">gr\u00f6\u00dfte L\u00e4ufe: Leipzig(Halbmarathon), Hamburg (Halbmarathon), Pressel-Eilenburg(Zweitagemarathon)\u00a0 und Leipzig (Herbsthalbmarathon-V\u00f6lkerschlacht)<\/li><li style=\"font-weight: 400;\">sowie Hamburg (K\u00f6hlbrandbr\u00fcckenlauf)<\/li><\/ul>\t\t\t\t\t\t\t\t<\/div>\n\t\t\t\t<\/div>\n\t\t\t\t<div class=\"elementor-element elementor-element-b6e6278 elementor-widget elementor-widget-heading\" data-id=\"b6e6278\" data-element_type=\"widget\" data-widget_type=\"heading.default\">\n\t\t\t\t<div class=\"elementor-widget-container\">\n\t\t\t\t\t<h2 class=\"elementor-heading-title elementor-size-default\">Ergebnisse<\/h2>\t\t\t\t<\/div>\n\t\t\t\t<\/div>\n\t\t\t\t<div class=\"elementor-element elementor-element-5c635a4 elementor-widget elementor-widget-text-editor\" data-id=\"5c635a4\" data-element_type=\"widget\" data-widget_type=\"text-editor.default\">\n\t\t\t\t<div class=\"elementor-widget-container\">\n\t\t\t\t\t\t\t\t\t<ul><li style=\"font-weight: 400;\">Silvesterlauf Bad D\u00fcben\u00a0\u00a0 10 km\u00a0 in \u00a051,26 min<\/li><li style=\"font-weight: 400;\">Weihnachtslauf Kurpark Bad D\u00fcben\u00a0\u00a0 1 Stundenlauf\u00a0\u00a0 11,8 km<\/li><li style=\"font-weight: 400;\">K\u00f6hlbrandbr\u00fcckenlauf Hamburg \u00a012 km\u00a0 1,04.41 h<\/li><li style=\"font-weight: 400;\">Zweitagemarathon Eilenburg\/Pressel\u00a0 42,195 km\u00a0 3,58.42 h<\/li><li style=\"font-weight: 400;\">Halbmarathon Leipzig\u00a0\u00a0 1,53.06 h<\/li><\/ul>\t\t\t\t\t\t\t\t<\/div>\n\t\t\t\t<\/div>\n\t\t\t\t\t<\/div>\n\t\t<\/div>\n\t\t\t\t<div class=\"elementor-column elementor-col-50 elementor-top-column elementor-element elementor-element-c4ecbb0\" data-id=\"c4ecbb0\" data-element_type=\"column\">\n\t\t\t<div class=\"elementor-widget-wrap elementor-element-populated\">\n\t\t\t\t\t\t<div class=\"elementor-element elementor-element-0ec18c9 elementor-widget elementor-widget-heading\" data-id=\"0ec18c9\" data-element_type=\"widget\" data-widget_type=\"heading.default\">\n\t\t\t\t<div class=\"elementor-widget-container\">\n\t\t\t\t\t<h2 class=\"elementor-heading-title elementor-size-large\">Maren Grube<\/h2>\t\t\t\t<\/div>\n\t\t\t\t<\/div>\n\t\t\t\t<div class=\"elementor-element elementor-element-3dc1554 elementor-widget elementor-widget-image\" data-id=\"3dc1554\" data-element_type=\"widget\" data-widget_type=\"image.default\">\n\t\t\t\t<div class=\"elementor-widget-container\">\n\t\t\t\t\t\t\t\t\t\t\t\t\t\t\t<img decoding=\"async\" src=\"https:\/\/xn--sg-pristblich-ifb.de\/wp-content\/plugins\/elementor\/assets\/images\/placeholder.png\" title=\"\" alt=\"\" loading=\"lazy\" \/>\t\t\t\t\t\t\t\t\t\t\t\t\t\t\t<\/div>\n\t\t\t\t<\/div>\n\t\t\t\t<div class=\"elementor-element elementor-element-d104fef elementor-widget elementor-widget-heading\" data-id=\"d104fef\" data-element_type=\"widget\" data-widget_type=\"heading.default\">\n\t\t\t\t<div class=\"elementor-widget-container\">\n\t\t\t\t\t<h2 class=\"elementor-heading-title elementor-size-default\">Werdegang<\/h2>\t\t\t\t<\/div>\n\t\t\t\t<\/div>\n\t\t\t\t<div class=\"elementor-element elementor-element-e17fe71 elementor-widget elementor-widget-text-editor\" data-id=\"e17fe71\" data-element_type=\"widget\" data-widget_type=\"text-editor.default\">\n\t\t\t\t<div class=\"elementor-widget-container\">\n\t\t\t\t\t\t\t\t\t<p>#<\/p>\t\t\t\t\t\t\t\t<\/div>\n\t\t\t\t<\/div>\n\t\t\t\t<div class=\"elementor-element elementor-element-608c79f elementor-widget elementor-widget-heading\" data-id=\"608c79f\" data-element_type=\"widget\" data-widget_type=\"heading.default\">\n\t\t\t\t<div class=\"elementor-widget-container\">\n\t\t\t\t\t<h2 class=\"elementor-heading-title elementor-size-default\">Profil<\/h2>\t\t\t\t<\/div>\n\t\t\t\t<\/div>\n\t\t\t\t<div class=\"elementor-element elementor-element-8693032 elementor-widget elementor-widget-text-editor\" data-id=\"8693032\" data-element_type=\"widget\" data-widget_type=\"text-editor.default\">\n\t\t\t\t<div class=\"elementor-widget-container\">\n\t\t\t\t\t\t\t\t\t<ul><li><span style=\"font-size: 9pt; font-family: Verdana, sans-serif;\">seit 2014 regelm\u00e4\u00dfiges Lauftraining<\/span><\/li><li class=\"MsoNormal\"><span style=\"font-size: 9pt; font-family: Verdana, sans-serif;\">September 2014 erstmalige Teilnahme an einem offizielen Lauf\u00a0(Stadtlauf in Leipzig \u00fcber 10 km)<\/span><\/li><li class=\"MsoNormal\"><span style=\"font-size: 9pt; font-family: Verdana, sans-serif;\">Dezember 2014 erstmalige Teilnahme am Silversterlauf Bad D\u00fcben (1. Platz AK)<\/span><\/li><li class=\"MsoNormal\"><span style=\"font-size: 9pt; font-family: Verdana, sans-serif;\">April 2015 Stadtwerke Marathon Leipzig \u00fcber 10 km<\/span><\/li><li class=\"MsoNormal\"><span style=\"font-size: 9pt; font-family: Verdana, sans-serif;\">Oktober 2015 Herbsthalbmarathon \u2013 V\u00f6lkerschlacht \u00fcber 10 km<\/span><\/li><li class=\"MsoNormal\"><span style=\"font-size: 9pt; font-family: Verdana, sans-serif;\">Dezember 2015 Silversterlauf Bad D\u00fcben (2. Platz AK)<\/span><\/li><\/ul><p>N\u00e4chstes Ziel: Halbmarathon<\/p>\t\t\t\t\t\t\t\t<\/div>\n\t\t\t\t<\/div>\n\t\t\t\t<div class=\"elementor-element elementor-element-ec85197 elementor-widget elementor-widget-heading\" data-id=\"ec85197\" data-element_type=\"widget\" data-widget_type=\"heading.default\">\n\t\t\t\t<div class=\"elementor-widget-container\">\n\t\t\t\t\t<h2 class=\"elementor-heading-title elementor-size-default\">Ergebnisse<\/h2>\t\t\t\t<\/div>\n\t\t\t\t<\/div>\n\t\t\t\t<div class=\"elementor-element elementor-element-e6d0db9 elementor-widget elementor-widget-text-editor\" data-id=\"e6d0db9\" data-element_type=\"widget\" data-widget_type=\"text-editor.default\">\n\t\t\t\t<div class=\"elementor-widget-container\">\n\t\t\t\t\t\t\t\t\t<ul style=\"font-weight: 400;\"><li>Sportscheck Stadtlauf Leipzig 10 km in 01:02:06 h<\/li><li>Stadtwerke Marathon Leipzig \u00fcber 10 km in 01:01:05 h<\/li><li>Herbsthalbmarathon-V\u00f6lkerschlacht \u00fcber 10 km in 00:56:54 h<\/li><li>Silvesterlauf Bad D\u00fcben 10 km in 01:01:30 h<\/li><li>Leipzig Marathon<\/li><\/ul>\t\t\t\t\t\t\t\t<\/div>\n\t\t\t\t<\/div>\n\t\t\t\t\t<\/div>\n\t\t<\/div>\n\t\t\t\t\t<\/div>\n\t\t<\/section>\n\t\t\t\t<\/div>\n\t\t","protected":false},"excerpt":{"rendered":"<p>Laufsport Simone Kanitz Zur\u00fcck Weiter Werdegang Ich habe 2004 ganz klein angefangen mit 10 \u2013 20 Minuten\u00a0 3- 4 Mal pro Woche\u00a0 und 2004 meinen 1 .Silvesterlauf mit 5 km\u00a0 absolviert mit 3 Platz , was mich antrieb weiter zu laufen \u2013mit regelm\u00e4\u00dfigen Stundenl\u00e4ufen in Bad D\u00fcben 4 mal \/ Jahr\u00a0 und verschiedenen 10 km [&hellip;]<\/p>\n","protected":false},"author":1,"featured_media":0,"parent":0,"menu_order":0,"comment_status":"closed","ping_status":"closed","template":"","meta":{"ocean_post_layout":"full-screen","ocean_both_sidebars_style":"","ocean_both_sidebars_content_width":0,"ocean_both_sidebars_sidebars_width":0,"ocean_sidebar":"0","ocean_second_sidebar":"0","ocean_disable_margins":"enable","ocean_add_body_class":"","ocean_shortcode_before_top_bar":"","ocean_shortcode_after_top_bar":"","ocean_shortcode_before_header":"","ocean_shortcode_after_header":"","ocean_has_shortcode":"","ocean_shortcode_after_title":"","ocean_shortcode_before_footer_widgets":"","ocean_shortcode_after_footer_widgets":"","ocean_shortcode_before_footer_bottom":"","ocean_shortcode_after_footer_bottom":"","ocean_display_top_bar":"off","ocean_display_header":"off","ocean_header_style":"top","ocean_center_header_left_menu":"0","ocean_custom_header_template":"0","ocean_custom_logo":0,"ocean_custom_retina_logo":0,"ocean_custom_logo_max_width":0,"ocean_custom_logo_tablet_max_width":0,"ocean_custom_logo_mobile_max_width":0,"ocean_custom_logo_max_height":0,"ocean_custom_logo_tablet_max_height":0,"ocean_custom_logo_mobile_max_height":0,"ocean_header_custom_menu":"2","ocean_menu_typo_font_family":"Pontano Sans","ocean_menu_typo_font_subset":"","ocean_menu_typo_font_size":0,"ocean_menu_typo_font_size_tablet":0,"ocean_menu_typo_font_size_mobile":0,"ocean_menu_typo_font_size_unit":"px","ocean_menu_typo_font_weight":"","ocean_menu_typo_font_weight_tablet":"","ocean_menu_typo_font_weight_mobile":"","ocean_menu_typo_transform":"","ocean_menu_typo_transform_tablet":"","ocean_menu_typo_transform_mobile":"","ocean_menu_typo_line_height":0,"ocean_menu_typo_line_height_tablet":0,"ocean_menu_typo_line_height_mobile":0,"ocean_menu_typo_line_height_unit":"","ocean_menu_typo_spacing":0,"ocean_menu_typo_spacing_tablet":0,"ocean_menu_typo_spacing_mobile":0,"ocean_menu_typo_spacing_unit":"","ocean_menu_link_color":"#ff9800","ocean_menu_link_color_hover":"#ff9800","ocean_menu_link_color_active":"#000000","ocean_menu_link_background":"","ocean_menu_link_hover_background":"","ocean_menu_link_active_background":"rgba(0,0,0,0)","ocean_menu_social_links_bg":"","ocean_menu_social_hover_links_bg":"","ocean_menu_social_links_color":"#ffffff","ocean_menu_social_hover_links_color":"#ffffff","ocean_disable_title":"on","ocean_disable_heading":"default","ocean_post_title":".","ocean_post_subheading":"","ocean_post_title_style":"","ocean_post_title_background_color":"","ocean_post_title_background":0,"ocean_post_title_bg_image_position":"","ocean_post_title_bg_image_attachment":"","ocean_post_title_bg_image_repeat":"","ocean_post_title_bg_image_size":"","ocean_post_title_height":0,"ocean_post_title_bg_overlay":0.5,"ocean_post_title_bg_overlay_color":"","ocean_disable_breadcrumbs":"default","ocean_breadcrumbs_color":"#ffffff","ocean_breadcrumbs_separator_color":"","ocean_breadcrumbs_links_color":"","ocean_breadcrumbs_links_hover_color":"","ocean_display_footer_widgets":"off","ocean_display_footer_bottom":"default","ocean_custom_footer_template":"0","footnotes":""},"_links":{"self":[{"href":"https:\/\/xn--sg-pristblich-ifb.de\/home\/wp-json\/wp\/v2\/pages\/1198"}],"collection":[{"href":"https:\/\/xn--sg-pristblich-ifb.de\/home\/wp-json\/wp\/v2\/pages"}],"about":[{"href":"https:\/\/xn--sg-pristblich-ifb.de\/home\/wp-json\/wp\/v2\/types\/page"}],"author":[{"embeddable":true,"href":"https:\/\/xn--sg-pristblich-ifb.de\/home\/wp-json\/wp\/v2\/users\/1"}],"replies":[{"embeddable":true,"href":"https:\/\/xn--sg-pristblich-ifb.de\/home\/wp-json\/wp\/v2\/comments?post=1198"}],"version-history":[{"count":16,"href":"https:\/\/xn--sg-pristblich-ifb.de\/home\/wp-json\/wp\/v2\/pages\/1198\/revisions"}],"predecessor-version":[{"id":1215,"href":"https:\/\/xn--sg-pristblich-ifb.de\/home\/wp-json\/wp\/v2\/pages\/1198\/revisions\/1215"}],"wp:attachment":[{"href":"https:\/\/xn--sg-pristblich-ifb.de\/home\/wp-json\/wp\/v2\/media?parent=1198"}],"curies":[{"name":"wp","href":"https:\/\/api.w.org\/{rel}","templated":true}]}}